t r(x) = -2*x + 8. Let p be r(v). Determine l(p).
18
Let s be (6/21)/(275/(-70) - -4). Let b(a) = a + 1. Give b(s).
5
Let k(d) = -d**3 + 34*d**2 - 145*d + 1. Let t be k(29). Let u(z) = 3*z**2 + 19*z - 18. Determine u(t).
4
Let z(q) = 4*q + 45. Let c be z(-10). Let v(p) = -16*p - 8*p - c + 17*p - p**2. Calculate v(-4).
7
Let l(o) = 2 - 146*o - 5*o**3 + 94*o + 49*o + 2*o**2. What is l(1)?
-4
Let z(w) = 62 - 19*w**2 - 20*w**2 - 19*w**2 + 56*w**2 - 18 + 15*w. What is z(11)?
-33
Let f(r) = -71*r + 849. Let g be f(12). Let k(h) = 15*h + 47. Give k(g).
2
Let p(m) = 44*m - 23. Suppose -4*k + 939*v + 8 = 943*v, -3*v = -3*k. Determine p(k).
21
Let b(v) = -6876*v - 61888. Let t be b(-9). Let s(y) = 5*y**2 - 14*y - 14. Let p(a) = a**2 - a - 1. Let w(z) = -6*p(z) + s(z). Give w(t).
8
Let n(a) = -2*a**3 - 1. Let r be n(-1). Suppose 0 = -136*v + 142*v - 15738. Let j(k) = -2623 + v + 5*k. Determine j(r).
5
Let h(p) = -p**3 + 10*p**2 + 16*p - 52. Suppose 211*q = -37*q + 2728. What is h(q)?
3
Let r(j) = -2*j**3 - 2*j**2 - j. Suppose 3*h + 2*t + 3*t + 9 = 0, 0 = 4*h - 2*t - 14. Let v = h - -11. Suppose v + 3 = -4*l + 4*k, -4*k + 6 = l. Give r(l).
10
Suppose 12*i - 37 = -97. Let d(h) = h**3 + h - 1. Let r(n) = -4*n**3 - 6*n**2 - 5*n + 13. Let t(k) = i*d(k) - r(k). Let s be ((-18)/(-15))/(2/10). Give t(s).
-8
Suppose 4*z + 14 = c, 2*c = 38 - 42. Let r(h) = -h**3 - 3*h**2 - 4. What is r(z)?
12
Let h be (-10)/(-4) - 2/(-10 + 6). Let x(d) be the first derivative of d**4/4 - 2*d**2 + 2*d + 148. Calculate x(h).
17
Let n be ((-1122)/110)/(12/(-20)). Let l(p) = 30*p - 502. What is l(n)?
8
Let u(q) = -q**2 + 2*q - 6. Suppose -16*n = 106 - 154. Calculate u(n).
-9
Let n be (-1 + -2 - -5)*((-130)/(-10) - 6). Let b(k) = -45*k + 619. Determine b(n).
-11
Suppose -103 = -63*r + 73 + 391. Let a(u) = -2*u**2 + 15*u - 2. Determine a(r).
-29
Let k be -24*1 + 3/((-21)/35). Let p = 25 + k. Let h(i) = 3*i + 12. Calculate h(p).
0
Let t(m) = 4*m - 5. Let j = 335 + -310. Suppose 3*k + 9*o - j = 10*o, 4*k = -o + 38. What is t(k)?
31
Suppose y - d = -6, 0 = -2*y + 5*d - 11 - 13. Let x be -4 + 7 + y/(10/45). Let p(l) = -2*l**2 - 3*l + l**2 - 3*l. Determine p(x).
0
Let r(p) be the first derivative of p**3/2 + 3*p**2/2 + 44*p + 132. Let g(o) be the first derivative of r(o). Give g(-3).
-6
Let q(c) = 6*c + 25. Let g = 17983 - 17988. Calculate q(g).
-5
Let q(k) = -3 + 1 - 2*k**3 + 2412*k - 2431*k - 32 - 14*k**2. Determine q(-6).
8
Suppose 0 = 168*h - 4210 - 2174. Let q(o) = -o**2 + 37*o + 17. What is q(h)?
-21
Let b(t) = 403*t**3 - 17*t - 824*t**3 + 411*t**3 + t**2 - 17. Determine b(-1).
11
Let u(m) = -16 + 37*m + 23 - 40*m - 9. Let j be (-4)/(-14) + 74/(-14). What is u(j)?
13
Let c(p) be the second derivative of -6*p**3 - 287*p**2 - 10996*p. Give c(-16).
2
Let k(i) = -20*i**3 - 47*i**2 + 3*i - 2. Let h(o) = 23*o**3 + 53*o**2 - 3*o + 2. Let p(c) = 6*h(c) + 7*k(c). Give p(-6).
16
Let o(h) = h**2 - 31*h - 107. Suppose 4*u = -12, -8*u + 7*u - 139 = -4*p. What is o(p)?
-5
Let l = 611 + -606. Let w(y) be the first derivative of y**4/4 - 4*y**3/3 - 2*y**2 - 7*y - 1. Determine w(l).
-2
Let c(g) be the third derivative of -g**4/8 - 13*g**3/3 + 2*g**2 + 10*g + 8. Calculate c(3).
-35
Let h(m) = -2*m**2 + 34*m - 26. Let a(y) = 3*y**3 + 19*y**2 + 5*y + 10. Let i be a(-6). What is h(i)?
6
Let i(a) = 22*a**3 + a**2 - 17*a - 6. Let k(m) = 3*m**3 + m**2 + 3*m - 2. Let s(r) = -i(r) + 7*k(r). What is s(-4)?
0
Let y(z) = 2*z**2 - 7*z - 1. Let j(t) be the third derivative of 0*t - 1/6*t**3 - 1/60*t**5 + 1/24*t**4 + 16*t**2 + 0. Let l(c) = j(c) + y(c). What is l(7)?
5
Let n = -99 - -108. Let w(x) = 7*x**2 - 9*x + 28. Let s(h) = -5*h**2 + 9*h - 22. Let f(o) = 3*s(o) + 2*w(o). What is f(n)?
-10
Let t(k) be the first derivative of k**3/3 - k**2/2 - 3*k + 7007. Suppose -3*q + u - 11 = 0, -8 + 33 = -5*q + 5*u. Give t(q).
9
Let o(a) = -48*a - 25. Let f(m) = -153*m - 74. Let d(w) = -4*f(w) + 13*o(w). Determine d(-2).
-5
Let r(a) = -20*a**2. Let v(p) = 7*p**2. Let u(f) = 6*r(f) + 17*v(f). Let q = 302 + -299. Suppose 5*y = q*n - 16, -4*y - 4 = -5*n - 7*y. Give u(n).
-4
Let v = 0 - 3. Let h(i) be the first derivative of 6*i**2 - 3*i + 6091. Give h(v).
-39
Let x(n) = -2*n**2 - 5*n + 6. Suppose 5*s + 3*f = -22, -4*s + 169*f = 171*f + 20. Give x(s).
-82
Let a(w) = -2*w - 16*w**2 - 5*w + 7*w**2 + 10*w**2 + 4*w**2 + w**3 - 3. What is a(-6)?
3
Let s be 1 - (0 + -1 + -1). Suppose 4*o + s*z = z + 24, z - 7 = -o. Let d(u) = u. Let y(h) = 3*h - 11. Let x(v) = 2*d(v) - y(v). Calculate x(o).
6
Let n(c) be the first derivative of -17*c**3/3 - c**2 + 3*c - 1731. What is n(2)?
-69
Let r(a) = -45*a + 88. Let w(q) = -2*q**3 + 23*q**2 + 15*q - 34. Let o be w(12). Calculate r(o).
-2
Let n(x) = 108*x - 10*x - 54*x + 3 - 1. What is n(-1)?
-42
Let i(g) = g**3 - 4*g**2 + 3*g + 2. Suppose 5*f = -8*f + 104. Let o = 11 - f. Let y be (84/(-9))/(-7)*o. Calculate i(y).
14
Let h(q) = 5*q**2 - 3*q. Let n(u) = -6*u + 113. Let o be n(9). Suppose 77 = 9*w + o. What is h(w)?
14
Let o(z) = z**3 - 7*z**2 + 6*z - 9. Suppose -3 - 15 = -2*k. Suppose v = -6 + k. Suppose 0 = -v*i + 3*j + 2 + 7, 0 = -3*i - 5*j + 33. Determine o(i).
-9
Suppose -2*m = w - 759, 5*w - 4*m - 2174 = 1663. Let s be 2/(-15) + 4692/w. Let p(h) = -5*h + 29. Determine p(s).
-1
Suppose -z = z + 2. Let t(w) be the third derivative of 5*w**4/12 + w**3/6 - 2*w**2 + 1645. Determine t(z).
-9
Let j(q) = q - 1. Let t(w) = -6*w + 3. Let d(p) = 6*p - 3. Let a(v) = -6*d(v) - 7*t(v). Let f(x) = a(x) - 4*j(x). Suppose 34 + 2 = 21*z - 6. Calculate f(z).
5
Let u(h) be the first derivative of -13*h**2/2 + 7*h - 2194. Determine u(-3).
46
Let p(i) be the first derivative of -5*i + 1 - 3/2*i**2. Let h(s) = 7*s**2 + 746*s + 1868. Let m be h(-104). Determine p(m).
7
Let l be -2 + 3/6 - (186/4)/(-31). Let y(t) be the third derivative of 15*t**2 - 1/60*t**5 + 0*t**3 + 0 + l*t + 1/24*t**4. Determine y(-1).
-2
Let n(y) = -203*y + 3047. Let d be n(15). Let j(l) = 15*l - 19. Calculate j(d).
11
Let l(b) = -b**3 + b**2 + 20*b - 2. Let n = 42378 - 42373. Determine l(n).
-2
Let h = 89 - 58. Suppose -h*m - 64 = -39*m. Let s(z) = 15 - 28 + 13 - 2*z**2 - m*z**3 + z. What is s(1)?
-9
Let u(l) = -18*l + 9*l - 50 + 8 - 13*l + 6. Give u(-3).
30
Suppose 2*x = 6*x - 24. Suppose x = -2*v + 50. Let u(q) = 3*q**2 - 1 + v*q - 21*q - 5*q**2. Calculate u(1).
-2
Let g be (-8)/(-6) - (-8)/(-6). Suppose g = 37*v - 18*v + 114. Let d(i) = -i**2 - 7*i - 15. Give d(v).
-9
Suppose -i = -5*j - 3, -2*j = 5*i + 15 - 3. Let y be (-1)/(j/(-5)*(-35)/(-21)). Let k(x) be the third derivative of -x**5/30 + x**3/6 + 46*x**2. Determine k(y).
-17
Let t(q) = -q**2 - 8*q + 85. Suppose -2*h + y + 18 = 7, -y - 5 = -h. What is t(h)?
1
Let i(p) = -p**3 - 36*p**2 - 127*p + 26. Let m be ((-261)/1044)/(1/128). Calculate i(m).
-6
Let d = -62/247 + 371/494. Let v(n) be the first derivative of -17 + 1/2*n**4 + d*n**2 + 0*n**3 - n. Calculate v(1).
2
Let z = 2647 - 1376. Let d(k) = 1274 + 6*k + 2*k**2 + 2*k - z. What is d(-6)?
27
Let x(j) = j**3 + j**2 - 4. Let q be (4/(-9))/(-4) - 1573/(-99). Suppose -4*t + q = f, -18 - 2 = -3*f - 5*t. What is x(f)?
-4
Let g(y) = y - 6. Let n = 94 + -130. Let h be (-16)/n - 0 - 12/27. Give g(h).
-6
Let n(x) be the third derivative of x**5/60 - x**4/4 + 11*x**3/6 + 4257*x**2. Give n(4).
3
Let x(i) = -12*i**3 + 7*i**3 - 25 + 23*i**2 - i + 6*i**3. Let j be x(-23). Let t be 6 + (0 - 2) - (j + 0). Let h(m) = -m**3 + 5*m**2 + 6*m + 7. What is h(t)?
7
Let y(q) = -11*q**2 + 3*q + 3. Suppose 0 = 18*f + 5 + 31. Calculate y(f).
-47
Suppose -c + 28 = 4*m, 5*m - 38 = 2*m - 5*c. Let q(d) be the third derivative of 0*d + 173*d**2 - 5/24*d**4 + 0 + 1/60*d**5 - 4/3*d**3. Give q(m).
-2
Let x(s) = -3*s**3 - s**2 + 3*s + 6. Suppose 3*q = -m + 9, -q - 3*m - 8072 + 8075 = 0. Give x(q).
-75
Let s be (-17182)/1278 + (-4)/(-9). Let l(d) = d + 41. Give l(s).
28
Suppose 3*i - 1 = 2. Let n be -35*1/(-14)*(-4)/(-5). Let z(d) = n*d**2 + 317*d**3 + 314*d**3 - d + 310*d**3 - 945*d**3. What is z(i)?
-3
Let r(t) = t**3 - 3*t**2 + 4. Let z be r(3). Let n be (z/(-5))/((-7)/35). Let v(i) = n + 1 + 2*i + 6 - 1. Determine v(-8).
-6
Let d be (-2 + -7)/((-13)/(143/11)). Let f(i) be the first derivative of i**3/3 - 11*i**2/2 + 9*i - 5. What is f(d)?
-9
Suppose -16*o + 20*o - 